{"id":1730,"date":"2018-02-01T11:01:08","date_gmt":"2018-02-01T08:01:08","guid":{"rendered":"https:\/\/great-greider.212-227-6-40.plesk.page\/?page_id=1730"},"modified":"2025-11-10T11:45:40","modified_gmt":"2025-11-10T08:45:40","slug":"a-propos-de-nous","status":"publish","type":"page","link":"https:\/\/www.alevcamcioglu.com\/fr\/a-propos-de-nous\/","title":{"rendered":"\u00c0 Propos de Nous"},"content":{"rendered":"<div class=\"container section-title-container\" ><h1 class=\"section-title section-title-normal\"><b aria-hidden=\"true\"><\/b><span class=\"section-title-main\" >Qui est Op. Dr Alev Camc\u0131o\u011flu ?<\/span><b aria-hidden=\"true\"><\/b><\/h1><\/div>\n<div class=\"row\"  id=\"row-1790023601\">\n\n\t<div id=\"col-1418951162\" class=\"col medium-6 small-12 large-6\"  >\n\t\t\t\t<div class=\"col-inner\"  >\n\t\t\t\n\t\t\t\n\t<div class=\"img has-hover x md-x lg-x y md-y lg-y\" id=\"image_693135063\">\n\t\t\t\t\t\t\t\t<div class=\"img-inner dark\" >\n\t\t\t<img decoding=\"async\" width=\"600\" height=\"400\" src=\"https:\/\/www.alevcamcioglu.com\/wp-content\/uploads\/2024\/02\/DSC00567-600x400-1.jpg\" class=\"attachment-large size-large\" alt=\"\" srcset=\"https:\/\/www.alevcamcioglu.com\/wp-content\/uploads\/2024\/02\/DSC00567-600x400-1.jpg 600w, https:\/\/www.alevcamcioglu.com\/wp-content\/uploads\/2024\/02\/DSC00567-600x400-1-300x200.jpg 300w, https:\/\/www.alevcamcioglu.com\/wp-content\/uploads\/2024\/02\/DSC00567-600x400-1-370x247.jpg 370w\" sizes=\"(max-width: 600px) 100vw, 600px\" title=\"\">\t\t\t\t\t\t\n\t\t\t\t\t<\/div>\n\t\t\t\t\t\t\t\t\n<style>\n#image_693135063 {\n  width: 100%;\n}\n<\/style>\n\t<\/div>\n\t\n\t\t<\/div>\n\t\t\t\t\t<\/div>\n\n\t\n\n\t<div id=\"col-2043175836\" class=\"col medium-6 small-12 large-6\"  >\n\t\t\t\t<div class=\"col-inner\"  >\n\t\t\t\n\t\t\t\n<p><span style=\"font-weight: 400;\">N\u00e9 en 1975 \u00e0 K\u0131rcaali, <\/span><b>Op. Dr Alev Camc\u0131o\u011flu<\/b><span style=\"font-weight: 400;\"> a effectu\u00e9 sa scolarit\u00e9 primaire et secondaire au <\/span><b>lyc\u00e9e fran\u00e7ais Saint Michel<\/b><span style=\"font-weight: 400;\">. En 2001, il est dipl\u00f4m\u00e9 de la <\/span><b>Facult\u00e9 de M\u00e9decine de l\u2019Universit\u00e9 de Kocaeli<\/b><span style=\"font-weight: 400;\"> avec le titre de \u00ab Docteur en m\u00e9decine \u00bb. En <\/span><b>2008, il a termin\u00e9 avec succ\u00e8s sa sp\u00e9cialisation en ORL et chirurgie cervico-faciale<\/b><span style=\"font-weight: 400;\"> dans la m\u00eame universit\u00e9.<\/span><\/p>\n<p><span style=\"font-weight: 400;\">Apr\u00e8s sa sp\u00e9cialisation, il a effectu\u00e9 son service obligatoire \u00e0 <\/span><b>Hakkari, Kocaeli et Mu\u015f\u2013Varto<\/b><span style=\"font-weight: 400;\">, puis son service militaire au <\/span><b>Dispensaire m\u00e9dical sp\u00e9cial de l\u2019\u00c9tat-major<\/b><span style=\"font-weight: 400;\">. Il a ensuite renforc\u00e9 son exp\u00e9rience clinique \u00e0 <\/span><b>\u0130stanbul Hospital<\/b><span style=\"font-weight: 400;\"> et aux <\/span><b>H\u00f4pitaux de Ni\u015fanta\u015f\u0131<\/b><span style=\"font-weight: 400;\">.<\/span><\/p>\n<p><span style=\"font-weight: 400;\">Depuis 2016, il exerce dans <\/span><b>son cabinet priv\u00e9 \u00e0 Istanbul<\/b><span style=\"font-weight: 400;\">, en chirurgie nasale esth\u00e9tique et fonctionnelle.<\/span><\/p>\n\t\t<\/div>\n\t\t\t\t\n<style>\n#col-2043175836 > .col-inner {\n  margin: 0px 0px -30px 0px;\n}\n<\/style>\n\t<\/div>\n\n\t\n\n\t<div id=\"col-1483419985\" class=\"col small-12 large-12\"  >\n\t\t\t\t<div class=\"col-inner\"  >\n\t\t\t\n\t\t\t\n<h2><b>Domaines d\u2019expertise et actes privil\u00e9gi\u00e9s<\/b><\/h2>\n<p><span style=\"font-weight: 400;\">Op. Dr Alev Camc\u0131o\u011flu est reconnu pour la <\/span><b>rhinoplastie<\/b><span style=\"font-weight: 400;\">, alliant aspect naturel, \u00e9quilibre fonctionnel et esth\u00e9tique du visage, gr\u00e2ce \u00e0 une planification chirurgicale personnalis\u00e9e. Il accorde la priorit\u00e9 \u00e0 la pr\u00e9servation des fonctions nasales autant qu\u2019au r\u00e9sultat esth\u00e9tique.<\/span><\/p>\n<p><b>Actes fr\u00e9quemment r\u00e9alis\u00e9s :<\/b><\/p>\n<ul>\n<li style=\"font-weight: 400;\">Rhinoplastie ouverte<\/li>\n<li style=\"font-weight: 400;\">Rhinoplastie de r\u00e9vision<\/li>\n<li style=\"font-weight: 400;\">R\u00e9duction alaire (r\u00e9tr\u00e9cissement des narines et de la base alaire)<\/li>\n<li style=\"font-weight: 400;\">Tip-plasty (esth\u00e9tique de la pointe nasale)<\/li>\n<li style=\"font-weight: 400;\">Rhinoplastie \u00e0 aspect naturel<\/li>\n<li style=\"font-weight: 400;\">Rhinoplastie fonctionnelle<\/li>\n<li style=\"font-weight: 400;\">Rhinoplastie masculine<\/li>\n<li style=\"font-weight: 400;\">Rhinoplastie pour nez large<\/li>\n<li style=\"font-weight: 400;\">Rhinoplastie pour peau \u00e9paisse<\/li>\n<li style=\"font-weight: 400;\">Chirurgie du nez fractur\u00e9<\/li>\n<li style=\"font-weight: 400;\">Septorhinoplastie<\/li>\n<li style=\"font-weight: 400;\">Rhinoplastie ethnique<\/li>\n<li style=\"font-weight: 400;\">Rhinoplastie pour nez bossu<\/li>\n<li style=\"font-weight: 400;\">Septoplastie<\/li>\n<li style=\"font-weight: 400;\">Esth\u00e9tique \u00ab Hokka \u00bb, \u00ab F\u0131nd\u0131k \u00bb et \u00ab Barbie Nose \u00bb<\/li>\n<li style=\"font-weight: 400;\">\u00c9l\u00e9vation de la pointe nasale<\/li>\n<li style=\"font-weight: 400;\">Chirurgie de la d\u00e9viation septale<\/li>\n<li style=\"font-weight: 400;\">Rhinoplastie Piezo (ultrasonique)<\/li>\n<li style=\"font-weight: 400;\">Correction du nez courb\u00e9 et remodelage<\/li>\n<\/ul>\n<h2><b>Exp\u00e9rience et approche<\/b><\/h2>\n<p>Il analyse en d\u00e9tail la morphologie faciale, l\u2019\u00e9paisseur cutan\u00e9e et la fonction respiratoire de chaque patient afin d\u2019\u00e9tablir un <b>plan de rhinoplastie personnalis\u00e9<\/b>. \u00c0 chaque \u00e9tape, il veille \u00e0 pr\u00e9server la respiration naturelle tout en optimisant l\u2019esth\u00e9tique.<\/p>\n<p>Il privil\u00e9gie des techniques modernes telles que la <b>technologie ultrasonique Piezo<\/b> pour obtenir une r\u00e9cup\u00e9ration rapide et des r\u00e9sultats naturels avec un minimum de traumatisme tissulaire. Son approche fond\u00e9e sur les preuves, \u00e9thique et centr\u00e9e sur le patient fait de lui un praticien de confiance.<\/p>\n<h2><b>Adh\u00e9sions et contributions acad\u00e9miques<\/b><\/h2>\n<ul>\n<li>Association turque d\u2019ORL et de chirurgie cervico-faciale<\/li>\n<li>Association turque de rhinologie<\/li>\n<li>European Rhinologic Society (ERS)<\/li>\n<\/ul&#093;\n\n\n<\/p>\n\t\t<\/div>\n\t\t\t\t\t<\/div>\n\n\t\n<\/div>\n<div><iframe src=\"https:\/\/www.google.com\/maps\/embed?pb=!1m14!1m8!1m3!1d6017.313393365514!2d28.998844!3d41.054636!3m2!1i1024!2i768!4f13.1!3m3!1m2!1s0x14cabb5b6d477697%3A0x8db615b1347f86bf!2sOp.%20Dr.%20Alev%20Camc%C4%B1o%C4%9Flu%20%7C%20Burun%20Esteti%C4%9Fi%20%2C%20Rinoplasti!5e0!3m2!1sen!2sus!4v1728645212774!5m2!1sen!2sus\" width=\"100%\" height=\"200\" style=\"border:0;\" allowfullscreen=\"\" loading=\"lazy\" referrerpolicy=\"no-referrer-when-downgrade\"><\/iframe><\/div>\n","protected":false},"excerpt":{"rendered":"","protected":false},"author":990002,"featured_media":0,"parent":0,"menu_order":0,"comment_status":"closed","ping_status":"closed","template":"page-blank.php","meta":{"footnotes":""},"class_list":["post-1730","page","type-page","status-publish","hentry"],"_links":{"self":[{"href":"https:\/\/www.alevcamcioglu.com\/fr\/wp-json\/wp\/v2\/pages\/1730","targetHints":{"allow":["GET"]}}],"collection":[{"href":"https:\/\/www.alevcamcioglu.com\/fr\/wp-json\/wp\/v2\/pages"}],"about":[{"href":"https:\/\/www.alevcamcioglu.com\/fr\/wp-json\/wp\/v2\/types\/page"}],"author":[{"embeddable":true,"href":"https:\/\/www.alevcamcioglu.com\/fr\/wp-json\/wp\/v2\/users\/990002"}],"replies":[{"embeddable":true,"href":"https:\/\/www.alevcamcioglu.com\/fr\/wp-json\/wp\/v2\/comments?post=1730"}],"version-history":[{"count":2,"href":"https:\/\/www.alevcamcioglu.com\/fr\/wp-json\/wp\/v2\/pages\/1730\/revisions"}],"predecessor-version":[{"id":11395,"href":"https:\/\/www.alevcamcioglu.com\/fr\/wp-json\/wp\/v2\/pages\/1730\/revisions\/11395"}],"wp:attachment":[{"href":"https:\/\/www.alevcamcioglu.com\/fr\/wp-json\/wp\/v2\/media?parent=1730"}],"curies":[{"name":"wp","href":"https:\/\/api.w.org\/{rel}","templated":true}]}}

À Propos de Nous

<div class="container section-title-container" ><h1 class="section-title section-title-normal"><b aria-hidden="true"></b><span class="section-title-main" >Qui est Op. Dr Alev Camcıoğlu ?</span><b aria-hidden="true"></b></h1></div>
<div class="row"  id="row-1790023601">

	<div id="col-1418951162" class="col medium-6 small-12 large-6"  >
				<div class="col-inner"  >
			
			
	<div class="img has-hover x md-x lg-x y md-y lg-y" id="image_693135063">
								<div class="img-inner dark" >
			<img decoding="async" width="600" height="400" src="https://www.alevcamcioglu.com/wp-content/uploads/2024/02/DSC00567-600x400-1.jpg" class="attachment-large size-large" alt="" srcset="https://www.alevcamcioglu.com/wp-content/uploads/2024/02/DSC00567-600x400-1.jpg 600w, https://www.alevcamcioglu.com/wp-content/uploads/2024/02/DSC00567-600x400-1-300x200.jpg 300w, https://www.alevcamcioglu.com/wp-content/uploads/2024/02/DSC00567-600x400-1-370x247.jpg 370w" sizes="(max-width: 600px) 100vw, 600px" title="">						
					</div>
								
<style>
#image_693135063 {
  width: 100%;
}
</style>
	</div>
	
		</div>
					</div>

	

	<div id="col-2043175836" class="col medium-6 small-12 large-6"  >
				<div class="col-inner"  >
			
			
<p><span style="font-weight: 400;">Né en 1975 à Kırcaali, </span><b>Op. Dr Alev Camcıoğlu</b><span style="font-weight: 400;"> a effectué sa scolarité primaire et secondaire au </span><b>lycée français Saint Michel</b><span style="font-weight: 400;">. En 2001, il est diplômé de la </span><b>Faculté de Médecine de l’Université de Kocaeli</b><span style="font-weight: 400;"> avec le titre de « Docteur en médecine ». En </span><b>2008, il a terminé avec succès sa spécialisation en ORL et chirurgie cervico-faciale</b><span style="font-weight: 400;"> dans la même université.</span></p>
<p><span style="font-weight: 400;">Après sa spécialisation, il a effectué son service obligatoire à </span><b>Hakkari, Kocaeli et Muş–Varto</b><span style="font-weight: 400;">, puis son service militaire au </span><b>Dispensaire médical spécial de l’État-major</b><span style="font-weight: 400;">. Il a ensuite renforcé son expérience clinique à </span><b>İstanbul Hospital</b><span style="font-weight: 400;"> et aux </span><b>Hôpitaux de Nişantaşı</b><span style="font-weight: 400;">.</span></p>
<p><span style="font-weight: 400;">Depuis 2016, il exerce dans </span><b>son cabinet privé à Istanbul</b><span style="font-weight: 400;">, en chirurgie nasale esthétique et fonctionnelle.</span></p>
		</div>
				
<style>
#col-2043175836 > .col-inner {
  margin: 0px 0px -30px 0px;
}
</style>
	</div>

	

	<div id="col-1483419985" class="col small-12 large-12"  >
				<div class="col-inner"  >
			
			
<h2><b>Domaines d’expertise et actes privilégiés</b></h2>
<p><span style="font-weight: 400;">Op. Dr Alev Camcıoğlu est reconnu pour la </span><b>rhinoplastie</b><span style="font-weight: 400;">, alliant aspect naturel, équilibre fonctionnel et esthétique du visage, grâce à une planification chirurgicale personnalisée. Il accorde la priorité à la préservation des fonctions nasales autant qu’au résultat esthétique.</span></p>
<p><b>Actes fréquemment réalisés :</b></p>
<ul>
<li style="font-weight: 400;">Rhinoplastie ouverte</li>
<li style="font-weight: 400;">Rhinoplastie de révision</li>
<li style="font-weight: 400;">Réduction alaire (rétrécissement des narines et de la base alaire)</li>
<li style="font-weight: 400;">Tip-plasty (esthétique de la pointe nasale)</li>
<li style="font-weight: 400;">Rhinoplastie à aspect naturel</li>
<li style="font-weight: 400;">Rhinoplastie fonctionnelle</li>
<li style="font-weight: 400;">Rhinoplastie masculine</li>
<li style="font-weight: 400;">Rhinoplastie pour nez large</li>
<li style="font-weight: 400;">Rhinoplastie pour peau épaisse</li>
<li style="font-weight: 400;">Chirurgie du nez fracturé</li>
<li style="font-weight: 400;">Septorhinoplastie</li>
<li style="font-weight: 400;">Rhinoplastie ethnique</li>
<li style="font-weight: 400;">Rhinoplastie pour nez bossu</li>
<li style="font-weight: 400;">Septoplastie</li>
<li style="font-weight: 400;">Esthétique « Hokka », « Fındık » et « Barbie Nose »</li>
<li style="font-weight: 400;">Élévation de la pointe nasale</li>
<li style="font-weight: 400;">Chirurgie de la déviation septale</li>
<li style="font-weight: 400;">Rhinoplastie Piezo (ultrasonique)</li>
<li style="font-weight: 400;">Correction du nez courbé et remodelage</li>
</ul>
<h2><b>Expérience et approche</b></h2>
<p>Il analyse en détail la morphologie faciale, l’épaisseur cutanée et la fonction respiratoire de chaque patient afin d’établir un <b>plan de rhinoplastie personnalisé</b>. À chaque étape, il veille à préserver la respiration naturelle tout en optimisant l’esthétique.</p>
<p>Il privilégie des techniques modernes telles que la <b>technologie ultrasonique Piezo</b> pour obtenir une récupération rapide et des résultats naturels avec un minimum de traumatisme tissulaire. Son approche fondée sur les preuves, éthique et centrée sur le patient fait de lui un praticien de confiance.</p>
<h2><b>Adhésions et contributions académiques</b></h2>
<ul>
<li>Association turque d’ORL et de chirurgie cervico-faciale</li>
<li>Association turque de rhinologie</li>
<li>European Rhinologic Society (ERS)</li>
</ul&#093;


</p>
		</div>
					</div>

	
</div>
<div><iframe src="https://www.google.com/maps/embed?pb=!1m14!1m8!1m3!1d6017.313393365514!2d28.998844!3d41.054636!3m2!1i1024!2i768!4f13.1!3m3!1m2!1s0x14cabb5b6d477697%3A0x8db615b1347f86bf!2sOp.%20Dr.%20Alev%20Camc%C4%B1o%C4%9Flu%20%7C%20Burun%20Esteti%C4%9Fi%20%2C%20Rinoplasti!5e0!3m2!1sen!2sus!4v1728645212774!5m2!1sen!2sus" width="100%" height="200" style="border:0;" allowfullscreen="" loading="lazy" referrerpolicy="no-referrer-when-downgrade"></iframe></div>
